 - 5. Let x be h(6). What are the prime factors of 1122/34 + x + (0 - 2)?
2
What are the prime factors of 15/3 - ((-6)/4 + (-24267)/6)?
4051
Let h = 337 + -335. Suppose -5*p + 3167 = -h*w, 4*p + 0*w = 3*w + 2528. What are the prime factors of p?
5, 127
Let m be (5/20*-4)/((-1)/(-634)). Let v = m - -1470. List the prime factors of v.
2, 11, 19
List the prime factors of (-17 - 198922)*(-10)/30.
13, 5101
Suppose 8*b = -16 - 8. Let f be (-4)/(b*2/(-24)). Let m(u) = -u**2 - 19*u - 5. What are the prime factors of m(f)?
43
Suppose -18*n + 16*n = -2*d - 13238, 4*n + 4*d = 26460. List the prime factors of n.
13, 509
Let g(h) = -h**3 - h**2 - 2*h + 29. Let r be g(0). Let l = r + -26. Suppose -t + 5*i + 8 = 0, -l*t + 4 + 9 = -4*i. List the prime factors of t.
3
Let h(v) = 2*v**2 + 64*v + 3. Let x be h(-32). What are the prime factors of ((-2)/x)/(5/(-4140))?
2, 3, 23
Let k = 46 - 42. Let l be 0 + 0/(-6 + k). Suppose -2*c + 3*d = -l*c - 62, 5*c - 169 = 4*d. List the prime factors of c.
37
Let w = 960 - -440. What are the prime factors of w?
2, 5, 7
Let d(y) = 3*y**2 + 20*y + 108. Suppose 10*q = 3*q + 91. What are the prime factors of d(q)?
5, 7
Let s = 10661 - 5274. List the prime factors of s.
5387
Let c(v) = v**3 - 2*v**2 - 3*v + 5. Let n be c(2). Let d(p) = -433*p**3 + 3*p + 2. Let m be d(n). Suppose -r + 7*r - m = 0. What are the prime factors of r?
2, 3
Let x be (-306)/(-39) - 12/(-78). Let l = -6 + x. Suppose -3 = l*r - 3*r. List the prime factors of r.
3
Let t = 5498 + -2034. What are the prime factors of t?
2, 433
What are the prime factors of 4/38 - (-2 + 10656348/(-646))?
2, 73, 113
Let a = 94042 + -39405. List the prime factors of a.
11, 4967
Let w = 2306 + -2301. Let z be (0 - 1)*-1 + 2. Suppose -3*r - 5*m - 54 = -4*r, -326 = -w*r - z*m. List the prime factors of r.
2
Let m(a) = 12*a**3 - 250*a**2 - 6*a - 18. What are the prime factors of m(23)?
2, 13, 523
Suppose -24*o + 36985 + 26608 = -117583. What are the prime factors of o?
7549
Suppose 5 = 2*p + 1. Suppose -3*m = 9, -3*v + 6 = -4*m + p*m. Suppose 2*n - 31 + 11 = v. List the prime factors of n.
2, 5
Let t(g) = -5*g**2 - g + 9. Let j(p) = -5*p**2 - 2*p + 10. Let l(r) = 6*j(r) - 7*t(r). Let v be l(3). What are the prime factors of (-15)/(-1)*45/v?
5
Let z be ((-1208)/6)/(46/(-69)). Suppose -6*i + 4942 = -z. List the prime factors of i.
2, 19, 23
Suppose 172*c - 1060288 = -76964. What are the prime factors of c?
5717
Suppose 4*g - 72 + 12 = 0. Let d(j) = -5 - j - g - 3*j + j**2 - 4. What are the prime factors of d(-11)?
3, 47
Suppose -17*h - 6*h + 43069 = -89779. What are the prime factors of h?
2, 19
Let a(i) = -251*i - 15. Suppose -105 = -6*q - q. Let u be a(q). What are the prime factors of 1*1/2 - u/40?
5, 19
Suppose 24*x - 42*x - 26*x + 1112056 = 0. List the prime factors of x.
2, 12637
Let i(t) = -714*t + 280. Let c(k) = 23*k - 9. Let h(m) = -126*c(m) - 4*i(m). Let s = -360 + 355. List the prime factors of h(s).
2, 7
Suppose -5*k - 2*p + 2778 = -3*k, 0 = 4*k - 3*p - 5535. Suppose 8*g - g = k. What are the prime factors of g?
2, 3, 11
Let f be (-86 + 88)*1/2. What are the prime factors of 82*f - 10*7/14?
7, 11
Let z(x) = -23*x**3 - 3*x**2 + 10*x + 1. Let t be z(-4). Suppose 6*m - t = 3523. What are the prime factors of m?
2, 409
Suppose 3*k - 6694 - 7141 = -4*y, -5*k = 3*y - 10379. List the prime factors of y.
2, 7, 13, 19
Let d(p) = -5*p**2 + 8*p + 13. Let u(q) = -7*q**2 + 9*q + 12. Let z(i) = -3*d(i) + 2*u(i). List the prime factors of z(14).
97
Let k = 20248 + -7789. List the prime factors of k.
3, 4153
Suppose 81*v + 550900 = 181*v - 86*v. What are the prime factors of v?
2, 5, 787
Let t = 13666 + -9184. List the prime factors of t.
2, 3, 83
Suppose -205*o + 63*o + 1349426 = 0. List the prime factors of o.
13, 17, 43
Suppose -32472 = -3*r - 3*u, -28347 - 25781 = -5*r - 4*u. List the prime factors of r.
2, 677
Let t(p) = 98*p**2 + 99*p + 41. What are the prime factors of t(-9)?
2, 443
Suppose 13*a - 45260 = 104234 - 15347. List the prime factors of a.
17, 607
Let m be -14 + 1097 + 2*1. Suppose 0 = 4*r - 5*p - 1426, 3*r - m = -3*p - p. What are the prime factors of r?
359
Suppose 19270 - 5855 = 5*v. Let p = v - -4541. List the prime factors of (-4)/(-22) + p/77.
2, 47
Suppose 3*k + 5*i - 60288 = 2*i, -5*k - i = -100476. What are the prime factors of k?
5, 4019
What are the prime factors of ((-9)/(-1))/(11 + 2534734/(-230435)) - 1?
2, 13, 17, 23
Let w = -61 - -65. Suppose -w*u - 8 = 0, 2*d - 422 = 5*d + u. What are the prime factors of (2*3/(-2))/(3/d)?
2, 5, 7
Let x = 26744 - -19025. What are the prime factors of x?
37, 1237
Suppose 0 = 900*i - 878*i - 359238. List the prime factors of i.
3, 5443
Suppose 3 = -x + 3*f, -3*x - f = -4*f + 3. What are the prime factors of 3 - x/(-2 + -1) - -264?
3, 89
Suppose -128*w + 1838200 = 137*w - 209*w. What are the prime factors of w?
5, 13, 101
List the prime factors of ((-232)/406)/((-2)/(-14518)*-2).
2, 17, 61
Let k(z) = -608*z + 3. Let u(x) = 1218*x - 4. Let f(h) = 11*k(h) + 6*u(h). List the prime factors of f(1).
17, 37
Suppose 0 = 3*n - 2*l - 97209, 3*n = 4*l + 16549 + 80672. List the prime factors of n.
179, 181
Suppose -93*z - 42822 = -111*z. List the prime factors of z.
3, 13, 61
Let i = 36680 + -25352. List the prime factors of i.
2, 3, 59
Let i = 149 + -102. What are the prime factors of (-2)/((-20)/30*3/i)?
47
Let l = 338 + -977. What are the prime factors of 1 - -1 - (l + -37)?
2, 3, 113
Suppose 0 = -15*q - 20*q - 385. Let y(l) = -49*l - 50. What are the prime factors of y(q)?
3, 163
Let j be -7*(72/21 + -4). Suppose -2*y + 8 = 2*n, 3*y - y + 2 = 3*n. Suppose 2*q - j = p + 132, 4*p - 146 = -y*q. List the prime factors of q.
3, 23
Let c(z) = -78*z + 101. Let d be c(15). List the prime factors of -4 - 1/(-1) - d.
2, 13, 41
Let u(j) = 7*j - 10 + 9*j + j. Let c(o) = -20*o**2 + 141*o. Let b be c(7). List the prime factors of u(b).
109
Suppose 39453*d - 39464*d = -400664. What are the prime factors of d?
2, 29, 157
Let y(a) = 283*a - 1815. List the prime factors of y(61).
2, 1931
Suppose 6*r = 3*a + 10*r - 1593, 5*r + 1085 = 2*a. What are the prime factors of a?
5, 107
Let g(q) = 207*q - 13 - 112*q - 111*q + 28 + 13. Suppose 92 = -5*h + 2*p + 24, -5*p - 40 = 5*h. What are the prime factors of g(h)?
2, 5, 11
Suppose 8*t + 72 = 552. Let w = -59 + t. What are the prime factors of (-2 - 17)*w*-2?
2, 19
Let r(s) = s - 2. Let k be r(5). Suppose 0 = -k*u - 281 + 1319. List the prime factors of u.
2, 173
Suppose -5 = -3*w + 10. Let n(v) = -32*v + 56. Let b be n(-6). Suppose -w*u - b = -3*h + 2, -2*h - 2*u = -172. What are the prime factors of h?
5, 17
Let a(z) = z + 15. Suppose -3*v - 24 = -3*f + 6, -3*v + 4*f = 25. Let o be a(v). Suppose o = 4*y - 2*y - 10, 0 = 2*u - y - 343. What are the prime factors of u?
2, 3, 29
Let a(f) = -f**2 - f - 1. Let u(y) = -2*y**2 - 6*y - 4. Let x(j) = -5*a(j) + u(j). Let r be (2/4)/((-50)/(-700)). List the prime factors of x(r).
3, 47
Let m = 60 + 130. Suppose -4*r = -4*f - 260, 3*r = 3*f + f + m. Suppose -r = 108*g - 109*g. What are the prime factors of g?
2, 5, 7
Let p(r) = 15*r**3 + 22*r**2 + 6*r + 159. List the prime factors of p(9).
2, 3, 5, 431
Let v be (-1 - -5)/((-6)/(-96)). Let h = 86 + v. What are the prime factors of h?
2, 3, 5
Let d(n) = -3578*n**3 + 5*n**2 - 4*n - 10. List the prime factors of d(-1).
7, 73
Let f(l) = l**3 - 11*l**2 + 3*l - 25. Let c be (-31 + 9)/(5/(10/(-4))). Let o be f(c). What are the prime factors of (708/(-16))/(-3)*o?
2, 59
Suppose 5*r = -5*q + 105630, -510*r + 505*r = -5*q + 105630. What are the prime factors of q?
2, 3, 7, 503
Let o = -3551 - -21187. List the prime factors of o.
2, 4409
Let k(f) = f**2 + 44*f + 6. Let w(r) = -r**2 - r - 1. Let y(l) = k(l) + 3*w(l). Let b be y(17). Let m = b + -68. What are the prime factors of m?
2, 3
Let x = -31 - -40. Suppose -r + 36 = -207. Suppose -6*d = -x*d + r. What are the prime factors of d?
3
Let v be (4 - (-3 + 5)) + 1. What are the prime factors of (v/(-5))/((-14330)/4775 + 3)?
3, 191
Let k(y) = 53*y**2 + 3*y - 17. Let v be k(-5). Suppose 225 = 3*s - v. List the prime factors of s.
2, 11, 23
Suppose -590 = 16*a - 21*a. Suppose -4*s + h - 2*h + 21 = 0, 15 = 2*s - h. Suppose -s*q + 796 = a. List the prime factors of q.
113
Let k(m